{"id":8188,"date":"2017-08-11T14:54:29","date_gmt":"2017-08-11T12:54:29","guid":{"rendered":"https:\/\/www.schraml.de\/?page_id=8188"},"modified":"2025-05-06T11:01:16","modified_gmt":"2025-05-06T09:01:16","slug":"kundenbereich","status":"publish","type":"page","link":"https:\/\/www.schraml.de\/index.php\/kundenbereich\/","title":{"rendered":"Kundenbereich Loginaufforderung"},"content":{"rendered":"<div id='layer_slider_1'  class='avia-layerslider main_color avia-shadow  avia-builder-el-0  el_before_av_one_full  avia-builder-el-first  container_wrap fullsize'  style='height: 181px; max-width: 1920px; margin: 0 auto;'  ><\/div><div id='after_layer_slider_1'  class='main_color av_default_container_wrap container_wrap fullsize'  ><div class='container av-section-cont-open' ><div class='template-page content  av-content-full alpha units'><div class='post-entry post-entry-type-page post-entry-8188'><div class='entry-content-wrapper clearfix'>\n\n<style type=\"text\/css\" data-created_by=\"avia_inline_auto\" id=\"style-css-av-98xzik-c5fdf52e3273aac65d906f678c061e48\">\n.flex_column.av-98xzik-c5fdf52e3273aac65d906f678c061e48{\nborder-radius:0px 0px 0px 0px;\npadding:50px 0px 0px 0px;\n}\n<\/style>\n<div  class='flex_column av-98xzik-c5fdf52e3273aac65d906f678c061e48 av_one_full  avia-builder-el-1  el_after_av_layerslider  el_before_av_one_full  avia-builder-el-first  first flex_column_div  '     ><p>\n<style type=\"text\/css\" data-created_by=\"avia_inline_auto\" id=\"style-css-av-28gwq4-bb8af3be0675bda9eab415431f66d605\">\n#top .av-special-heading.av-28gwq4-bb8af3be0675bda9eab415431f66d605{\npadding-bottom:10px;\n}\nbody .av-special-heading.av-28gwq4-bb8af3be0675bda9eab415431f66d605 .av-special-heading-tag .heading-char{\nfont-size:25px;\n}\n.av-special-heading.av-28gwq4-bb8af3be0675bda9eab415431f66d605 .av-subheading{\nfont-size:15px;\n}\n<\/style>\n<div  class='av-special-heading av-28gwq4-bb8af3be0675bda9eab415431f66d605 av-special-heading-h2 blockquote modern-quote  avia-builder-el-2  el_before_av_textblock  avia-builder-el-first '><h2 class='av-special-heading-tag '  itemprop=\"headline\"  >F\u00fcr den Download von technischen Dokumenten und weiteren Informationen<\/h2><div class=\"special-heading-border\"><div class=\"special-heading-inner-border\"><\/div><\/div><\/div><br \/>\n<section  class='av_textblock_section av-mt2sc-361f00c9be322fa0034e60b74a3d86b0 '   itemscope=\"itemscope\" itemtype=\"https:\/\/schema.org\/CreativeWork\" ><div class='avia_textblock'  itemprop=\"text\" ><section class=\"av_textblock_section\">\n<div class=\"avia_textblock \">\n<p><strong>Registrierte Besucher<\/strong> unserer Website k\u00f6nnen sich im Kundenbereich zahlreiche Dokumente zu den SCHRAML L\u00f6sungen herunterladen, wie z.B. Handb\u00fccher, technische Informationen z.B. zu Updates usw.<\/p>\n<p><strong>Teilnehmer an AQASYS Schulungen und User Konferenzen<\/strong> finden im Kundenbereich die <strong>Schulungsunterlagen<\/strong> zu ihrer jeweiligen Veranstaltung zum Herunterladen.<\/p>\n<p>Registrieren Sie sich einfach <a href=\"https:\/\/www.schraml.de\/wp-login.php?action=register\">hier<\/a> und Sie erhalten in K\u00fcrze den Zugang zum Kundenbereich.<\/p>\n<\/div>\n<\/section>\n<\/div><\/section><\/p><\/div>\n\n<style type=\"text\/css\" data-created_by=\"avia_inline_auto\" id=\"style-css-av-3p3evw-1ae87a235f25ab2ef20bdaa0c5e603f1\">\n.flex_column.av-3p3evw-1ae87a235f25ab2ef20bdaa0c5e603f1{\nborder-radius:0px 0px 0px 0px;\npadding:0px 0px 0px 0px;\n}\n<\/style>\n<div  class='flex_column av-3p3evw-1ae87a235f25ab2ef20bdaa0c5e603f1 av_one_full  avia-builder-el-4  el_after_av_one_full  avia-builder-el-last  first flex_column_div av-zero-column-padding  column-top-margin'     ><\/div>\n","protected":false},"excerpt":{"rendered":"","protected":false},"author":10,"featured_media":0,"parent":0,"menu_order":0,"comment_status":"closed","ping_status":"closed","template":"","meta":{"om_disable_all_campaigns":false,"_uf_show_specific_survey":0,"_uf_disable_surveys":false,"footnotes":""},"class_list":["post-8188","page","type-page","status-publish","hentry"],"yoast_head":"<!-- This site is optimized with the Yoast SEO plugin v27.4 - https:\/\/yoast.com\/product\/yoast-seo-wordpress\/ -->\n<title>Kundenbereich Loginaufforderung - SCHRAML Prozessleit- und Fernwirktechnik<\/title>\n<meta name=\"robots\" content=\"index, follow, max-snippet:-1, max-image-preview:large, max-video-preview:-1\" \/>\n<link rel=\"canonical\" href=\"https:\/\/www.schraml.de\/index.php\/kundenbereich\/\" \/>\n<meta property=\"og:locale\" content=\"de_DE\" \/>\n<meta property=\"og:type\" content=\"article\" \/>\n<meta property=\"og:title\" content=\"Kundenbereich Loginaufforderung - SCHRAML Prozessleit- und Fernwirktechnik\" \/>\n<meta property=\"og:url\" content=\"https:\/\/www.schraml.de\/index.php\/kundenbereich\/\" \/>\n<meta property=\"og:site_name\" content=\"SCHRAML Prozessleit- und Fernwirktechnik\" \/>\n<meta property=\"article:modified_time\" content=\"2025-05-06T09:01:16+00:00\" \/>\n<meta name=\"twitter:card\" content=\"summary_large_image\" \/>\n<meta name=\"twitter:label1\" content=\"Gesch\u00e4tzte Lesezeit\" \/>\n\t<meta name=\"twitter:data1\" content=\"1\u00a0Minute\" \/>\n<!-- \/ Yoast SEO plugin. -->","yoast_head_json":{"title":"Kundenbereich Loginaufforderung - SCHRAML Prozessleit- und Fernwirktechnik","robots":{"index":"index","follow":"follow","max-snippet":"max-snippet:-1","max-image-preview":"max-image-preview:large","max-video-preview":"max-video-preview:-1"},"canonical":"https:\/\/www.schraml.de\/index.php\/kundenbereich\/","og_locale":"de_DE","og_type":"article","og_title":"Kundenbereich Loginaufforderung - SCHRAML Prozessleit- und Fernwirktechnik","og_url":"https:\/\/www.schraml.de\/index.php\/kundenbereich\/","og_site_name":"SCHRAML Prozessleit- und Fernwirktechnik","article_modified_time":"2025-05-06T09:01:16+00:00","twitter_card":"summary_large_image","twitter_misc":{"Gesch\u00e4tzte Lesezeit":"1\u00a0Minute"},"schema":{"@context":"https:\/\/schema.org","@graph":[{"@type":"WebPage","@id":"https:\/\/www.schraml.de\/index.php\/kundenbereich\/","url":"https:\/\/www.schraml.de\/index.php\/kundenbereich\/","name":"Kundenbereich Loginaufforderung - SCHRAML Prozessleit- und Fernwirktechnik","isPartOf":{"@id":"https:\/\/www.schraml.de\/#website"},"datePublished":"2017-08-11T12:54:29+00:00","dateModified":"2025-05-06T09:01:16+00:00","breadcrumb":{"@id":"https:\/\/www.schraml.de\/index.php\/kundenbereich\/#breadcrumb"},"inLanguage":"de","potentialAction":[{"@type":"ReadAction","target":["https:\/\/www.schraml.de\/index.php\/kundenbereich\/"]}]},{"@type":"BreadcrumbList","@id":"https:\/\/www.schraml.de\/index.php\/kundenbereich\/#breadcrumb","itemListElement":[{"@type":"ListItem","position":1,"name":"Startseite","item":"https:\/\/www.schraml.de\/"},{"@type":"ListItem","position":2,"name":"Kundenbereich Loginaufforderung"}]},{"@type":"WebSite","@id":"https:\/\/www.schraml.de\/#website","url":"https:\/\/www.schraml.de\/","name":"SCHRAML Prozessleit- und Fernwirktechnik","description":"Prozessleit-, Fernwirk- und Automatisierungstechnik f\u00fcr intelligentes Wassermanagement","publisher":{"@id":"https:\/\/www.schraml.de\/#organization"},"potentialAction":[{"@type":"SearchAction","target":{"@type":"EntryPoint","urlTemplate":"https:\/\/www.schraml.de\/?s={search_term_string}"},"query-input":{"@type":"PropertyValueSpecification","valueRequired":true,"valueName":"search_term_string"}}],"inLanguage":"de"},{"@type":"Organization","@id":"https:\/\/www.schraml.de\/#organization","name":"SCHRAML GmbH","url":"https:\/\/www.schraml.de\/","logo":{"@type":"ImageObject","inLanguage":"de","@id":"https:\/\/www.schraml.de\/#\/schema\/logo\/image\/","url":"https:\/\/www.schraml.de\/wp-content\/uploads\/2016\/06\/SCHRAML-Logo.png","contentUrl":"https:\/\/www.schraml.de\/wp-content\/uploads\/2016\/06\/SCHRAML-Logo.png","width":512,"height":148,"caption":"SCHRAML GmbH"},"image":{"@id":"https:\/\/www.schraml.de\/#\/schema\/logo\/image\/"},"sameAs":["https:\/\/www.linkedin.com\/company\/schraml-gmbh","https:\/\/www.youtube.com\/channel\/UClSE-NVUQx_Cvs6hDnImkWg"]}]}},"_links":{"self":[{"href":"https:\/\/www.schraml.de\/index.php\/wp-json\/wp\/v2\/pages\/8188","targetHints":{"allow":["GET"]}}],"collection":[{"href":"https:\/\/www.schraml.de\/index.php\/wp-json\/wp\/v2\/pages"}],"about":[{"href":"https:\/\/www.schraml.de\/index.php\/wp-json\/wp\/v2\/types\/page"}],"author":[{"embeddable":true,"href":"https:\/\/www.schraml.de\/index.php\/wp-json\/wp\/v2\/users\/10"}],"replies":[{"embeddable":true,"href":"https:\/\/www.schraml.de\/index.php\/wp-json\/wp\/v2\/comments?post=8188"}],"version-history":[{"count":5,"href":"https:\/\/www.schraml.de\/index.php\/wp-json\/wp\/v2\/pages\/8188\/revisions"}],"predecessor-version":[{"id":23356,"href":"https:\/\/www.schraml.de\/index.php\/wp-json\/wp\/v2\/pages\/8188\/revisions\/23356"}],"wp:attachment":[{"href":"https:\/\/www.schraml.de\/index.php\/wp-json\/wp\/v2\/media?parent=8188"}],"curies":[{"name":"wp","href":"https:\/\/api.w.org\/{rel}","templated":true}]}}