{"id":5056,"date":"2016-01-28T10:24:20","date_gmt":"2016-01-28T09:24:20","guid":{"rendered":"http:\/\/192.168.0.113\/?page_id=5056"},"modified":"2018-05-23T11:29:53","modified_gmt":"2018-05-23T09:29:53","slug":"schraml-forschen-und-foerdern","status":"publish","type":"page","link":"https:\/\/www.schraml.de\/index.php\/schraml-forschen-und-foerdern\/","title":{"rendered":"Forschen und F\u00f6rdern"},"content":{"rendered":"<div id='layer_slider_1'  class='avia-layerslider main_color avia-shadow  avia-builder-el-0  el_before_av_section  avia-builder-el-first  container_wrap fullsize'  style='height: 181px; max-width: 1920px; margin: 0 auto;'  ><\/div>\n<div id='av_section_1'  class='avia-section av-av_section-d18d8c2c81d10022ebd21ffa95322c35 main_color avia-section-default avia-no-shadow  avia-builder-el-1  el_after_av_layerslider  avia-builder-el-last  avia-bg-style-scroll container_wrap fullsize'  ><div class='container av-section-cont-open' ><div class='template-page content  av-content-full alpha units'><div class='post-entry post-entry-type-page post-entry-5056'><div class='entry-content-wrapper clearfix'>\n\n<style type=\"text\/css\" data-created_by=\"avia_inline_auto\" id=\"style-css-av-av_one_full-9497bbf8bff73ea4c6992cc17fa9ec36\">\n.flex_column.av-av_one_full-9497bbf8bff73ea4c6992cc17fa9ec36{\nborder-radius:0px 0px 0px 0px;\npadding:0px 0px 0px 0px;\n}\n<\/style>\n<div  class='flex_column av-av_one_full-9497bbf8bff73ea4c6992cc17fa9ec36 av_one_full  avia-builder-el-2  el_before_av_one_full  avia-builder-el-first  first flex_column_div av-zero-column-padding  '     ><style type=\"text\/css\" data-created_by=\"avia_inline_auto\" id=\"style-css-av-av_heading-9916178ed5863c2c6a5456be3768a8ef\">\n#top .av-special-heading.av-av_heading-9916178ed5863c2c6a5456be3768a8ef{\npadding-bottom:0;\n}\nbody .av-special-heading.av-av_heading-9916178ed5863c2c6a5456be3768a8ef .av-special-heading-tag .heading-char{\nfont-size:25px;\n}\n.av-special-heading.av-av_heading-9916178ed5863c2c6a5456be3768a8ef .av-subheading{\nfont-size:15px;\n}\n<\/style>\n<div  class='av-special-heading av-av_heading-9916178ed5863c2c6a5456be3768a8ef av-special-heading-h2 blockquote modern-quote  avia-builder-el-3  avia-builder-el-no-sibling '><h2 class='av-special-heading-tag '  itemprop=\"headline\"  >Zusammen gestalten<\/h2><div class=\"special-heading-border\"><div class=\"special-heading-inner-border\"><\/div><\/div><\/div><\/div>\n<style type=\"text\/css\" data-created_by=\"avia_inline_auto\" id=\"style-css-av-av_one_full-b18ec1635791c30194c2fc90ea77ba9c\">\n.flex_column.av-av_one_full-b18ec1635791c30194c2fc90ea77ba9c{\nborder-radius:0px 0px 0px 0px;\npadding:0px 0px 0px 0px;\n}\n<\/style>\n<div  class='flex_column av-av_one_full-b18ec1635791c30194c2fc90ea77ba9c av_one_full  avia-builder-el-4  el_after_av_one_full  el_before_av_one_fourth  first flex_column_div av-zero-column-padding  column-top-margin'     ><section  class='av_textblock_section av-av_textblock-0366cc7376be6c9e82a3e9cc8987b64f '   itemscope=\"itemscope\" itemtype=\"https:\/\/schema.org\/CreativeWork\" ><div class='avia_textblock'  itemprop=\"text\" ><p>\u00dcber unser intensives Engagement in Verb\u00e4nden und Projekten sind wir \u00fcber unsere direkten Gesch\u00e4ftsbeziehungen\u00a0hinaus immer \"am Puls\" unserer Kunden. Forschen und F\u00f6rdern - beides ist f\u00fcr uns selbstverst\u00e4ndlich, um technologische Innovationen zum Nutzen unserer Kunden und f\u00fcr eine nachhaltige Wasserwirtschaft aktiv voranzutreiben.<\/p>\n<p>Hier sind wir Mitglied und\/oder Projektpartner:<\/p>\n<\/div><\/section><\/div>\n<style type=\"text\/css\" data-created_by=\"avia_inline_auto\" id=\"style-css-av-av_one_fourth-9497bbf8bff73ea4c6992cc17fa9ec36\">\n.flex_column.av-av_one_fourth-9497bbf8bff73ea4c6992cc17fa9ec36{\nborder-radius:0px 0px 0px 0px;\npadding:0px 0px 0px 0px;\n}\n<\/style>\n<div  class='flex_column av-av_one_fourth-9497bbf8bff73ea4c6992cc17fa9ec36 av_one_fourth  avia-builder-el-6  el_after_av_one_full  el_before_av_one_fourth  first flex_column_div av-zero-column-padding  column-top-margin'     ><style type=\"text\/css\" data-created_by=\"avia_inline_auto\" id=\"style-css-av-av_image-5be1868d4daebc546e5cd90601a805e0\">\n.avia-image-container.av-av_image-5be1868d4daebc546e5cd90601a805e0 img.avia_image{\nbox-shadow:none;\n}\n.avia-image-container.av-av_image-5be1868d4daebc546e5cd90601a805e0 .av-image-caption-overlay-center{\ncolor:#ffffff;\n}\n<\/style>\n<div  class='avia-image-container av-av_image-5be1868d4daebc546e5cd90601a805e0 av-styling- av-img-linked avia-align-center  avia-builder-el-7  avia-builder-el-no-sibling '   itemprop=\"image\" itemscope=\"itemscope\" itemtype=\"https:\/\/schema.org\/ImageObject\" ><div class=\"avia-image-container-inner\"><div class=\"avia-image-overlay-wrap\"><a href=\"http:\/\/de.dwa.de\/home.html\" class='avia_image '  target=\"_blank\"  rel=\"noopener noreferrer\" aria-label='DWA-Mitglied'><img fetchpriority=\"high\" fetchpriority=\"high\" decoding=\"async\" fetchpriority=\"high\" class='wp-image-5031 avia-img-lazy-loading-not-5031 avia_image ' src=\"https:\/\/www.schraml.de\/wp-content\/uploads\/2015\/08\/DWA-Mitglied.png\" alt='' title='DWA-Mitglied'  height=\"106\" width=\"150\"  itemprop=\"thumbnailUrl\"  \/><\/a><\/div><\/div><\/div><\/div>\n<style type=\"text\/css\" data-created_by=\"avia_inline_auto\" id=\"style-css-av-av_one_fourth-41a531c5b8e225fcf4bfcbe6b38298a3\">\n.flex_column.av-av_one_fourth-41a531c5b8e225fcf4bfcbe6b38298a3{\nborder-radius:0px 2px 0px 0px;\npadding:0px 0px 0px 0px;\n}\n<\/style>\n<div  class='flex_column av-av_one_fourth-41a531c5b8e225fcf4bfcbe6b38298a3 av_one_fourth  avia-builder-el-8  el_after_av_one_fourth  el_before_av_one_fourth  flex_column_div av-zero-column-padding  column-top-margin'     ><section  class='av_textblock_section av-av_textblock-0366cc7376be6c9e82a3e9cc8987b64f '   itemscope=\"itemscope\" itemtype=\"https:\/\/schema.org\/CreativeWork\" ><div class='avia_textblock'  itemprop=\"text\" ><p>Als politisch und wirtschaftlich unabh\u00e4ngige Vereinigung setzt sich die Deutsche Vereinigung f\u00fcr Wasserwirtschaft, Abwasser und Abfall e.V. (DWA) f\u00fcr eine nachhaltige Wasserwirtschaft und f\u00fcr die F\u00f6rderung von Forschung und Entwicklung ein. Die DWA bietet ein Forum f\u00fcr Ideen und Meinungsaustausch und unterst\u00fctzt die Politik durch Ihre Beratung.<\/p>\n<\/div><\/section><\/div>\n<style type=\"text\/css\" data-created_by=\"avia_inline_auto\" id=\"style-css-av-av_one_fourth-9c1d454dc06f7247226bc4e8f931daae\">\n.flex_column.av-av_one_fourth-9c1d454dc06f7247226bc4e8f931daae{\nborder-radius:0px 0px 0px 0px;\npadding:0px 0px 0px 0px;\n}\n<\/style>\n<div  class='flex_column av-av_one_fourth-9c1d454dc06f7247226bc4e8f931daae av_one_fourth  avia-builder-el-10  el_after_av_one_fourth  el_before_av_one_fourth  flex_column_div av-zero-column-padding  column-top-margin'     ><style type=\"text\/css\" data-created_by=\"avia_inline_auto\" id=\"style-css-av-av_image-df191f96d8cb89fbc28c94d048cec822\">\n.avia-image-container.av-av_image-df191f96d8cb89fbc28c94d048cec822 img.avia_image{\nbox-shadow:none;\n}\n.avia-image-container.av-av_image-df191f96d8cb89fbc28c94d048cec822 .av-image-caption-overlay-center{\ncolor:#ffffff;\n}\n<\/style>\n<div  class='avia-image-container av-av_image-df191f96d8cb89fbc28c94d048cec822 av-styling- av-img-linked avia-align-center  avia-builder-el-11  avia-builder-el-no-sibling '   itemprop=\"image\" itemscope=\"itemscope\" itemtype=\"https:\/\/schema.org\/ImageObject\" ><div class=\"avia-image-container-inner\"><div class=\"avia-image-overlay-wrap\"><a href=\"http:\/\/www.dvgw.de\/\" class='avia_image '  target=\"_blank\"  rel=\"noopener noreferrer\" aria-label='DVGW-online_logo_externe'><img fetchpriority=\"high\" fetchpriority=\"high\" decoding=\"async\" fetchpriority=\"high\" class='wp-image-6591 avia-img-lazy-loading-not-6591 avia_image ' src=\"https:\/\/www.schraml.de\/wp-content\/uploads\/2016\/01\/DVGW-online_logo_externe.png\" alt='' title='DVGW-online_logo_externe'  height=\"275\" width=\"300\"  itemprop=\"thumbnailUrl\"  \/><\/a><\/div><\/div><\/div><\/div>\n<style type=\"text\/css\" data-created_by=\"avia_inline_auto\" id=\"style-css-av-av_one_fourth-9c1d454dc06f7247226bc4e8f931daae\">\n.flex_column.av-av_one_fourth-9c1d454dc06f7247226bc4e8f931daae{\nborder-radius:0px 0px 0px 0px;\npadding:0px 0px 0px 0px;\n}\n<\/style>\n<div  class='flex_column av-av_one_fourth-9c1d454dc06f7247226bc4e8f931daae av_one_fourth  avia-builder-el-12  el_after_av_one_fourth  el_before_av_one_fourth  flex_column_div av-zero-column-padding  column-top-margin'     ><section  class='av_textblock_section av-av_textblock-0366cc7376be6c9e82a3e9cc8987b64f '   itemscope=\"itemscope\" itemtype=\"https:\/\/schema.org\/CreativeWork\" ><div class='avia_textblock'  itemprop=\"text\" ><p>Der <strong>Deutsche Verein des Gas- und Wasserfaches e. V.<\/strong> <strong>(DVGW)<\/strong> f\u00f6rdert das Gas- und Wasserfach mit den Schwerpunkten Sicherheit, Hygiene und Umweltschutz. Mit seinen rund 14.000 Mitgliedern erarbeitet der DVGW die allgemein anerkannten Regeln der Technik f\u00fcr Gas und Wasser. Der Verein initiiert und f\u00f6rdert Forschungsvorhaben und schult zum gesamten Themenspektrum des Gas- und Wasserfaches. Dar\u00fcber hinaus unterh\u00e4lt er ein Pr\u00fcf- und Zertifizierungswesen f\u00fcr Produkte, Personen sowie Unternehmen. Die technischen Regeln des DVGW bilden das Fundament f\u00fcr die technische Selbstverwaltung und Eigenverantwortung der Gas- und Wasserwirtschaft in Deutschland. Sie sind der Garant f\u00fcr eine sichere Gas- und Wasserversorgung auf international h\u00f6chstem Standard. Der gemeinn\u00fctzige Verein wurde 1859 in Frankfurt am Main gegr\u00fcndet. Der DVGW ist wirtschaftlich unabh\u00e4ngig und politisch neutral.<\/p>\n<\/div><\/section><\/div>\n<style type=\"text\/css\" data-created_by=\"avia_inline_auto\" id=\"style-css-av-av_one_fourth-9497bbf8bff73ea4c6992cc17fa9ec36\">\n.flex_column.av-av_one_fourth-9497bbf8bff73ea4c6992cc17fa9ec36{\nborder-radius:0px 0px 0px 0px;\npadding:0px 0px 0px 0px;\n}\n<\/style>\n<div  class='flex_column av-av_one_fourth-9497bbf8bff73ea4c6992cc17fa9ec36 av_one_fourth  avia-builder-el-14  el_after_av_one_fourth  el_before_av_one_fourth  first flex_column_div av-zero-column-padding  column-top-margin'     ><style type=\"text\/css\" data-created_by=\"avia_inline_auto\" id=\"style-css-av-av_image-6c18a14446eccf2c3eb93e3165933f35\">\n.avia-image-container.av-av_image-6c18a14446eccf2c3eb93e3165933f35 img.avia_image{\nbox-shadow:none;\n}\n.avia-image-container.av-av_image-6c18a14446eccf2c3eb93e3165933f35 .av-image-caption-overlay-center{\ncolor:#ffffff;\n}\n<\/style>\n<div  class='avia-image-container av-av_image-6c18a14446eccf2c3eb93e3165933f35 av-styling- av-img-linked avia-align-center  avia-builder-el-15  avia-builder-el-no-sibling '   itemprop=\"image\" itemscope=\"itemscope\" itemtype=\"https:\/\/schema.org\/ImageObject\" ><div class=\"avia-image-container-inner\"><div class=\"avia-image-overlay-wrap\"><a href=\"http:\/\/www.umweltcluster.net\/de\/\" class='avia_image '  target=\"_blank\"  rel=\"noopener noreferrer\" aria-label='Umweltcluster-Bayern'><img fetchpriority=\"high\" fetchpriority=\"high\" decoding=\"async\" fetchpriority=\"high\" class='wp-image-5032 avia-img-lazy-loading-not-5032 avia_image ' src=\"https:\/\/www.schraml.de\/wp-content\/uploads\/2015\/08\/Umweltcluster-Bayern.png\" alt='' title='Umweltcluster-Bayern'  height=\"59\" width=\"150\"  itemprop=\"thumbnailUrl\"  \/><\/a><\/div><\/div><\/div><\/div>\n<style type=\"text\/css\" data-created_by=\"avia_inline_auto\" id=\"style-css-av-av_one_fourth-9c1d454dc06f7247226bc4e8f931daae\">\n.flex_column.av-av_one_fourth-9c1d454dc06f7247226bc4e8f931daae{\nborder-radius:0px 0px 0px 0px;\npadding:0px 0px 0px 0px;\n}\n<\/style>\n<div  class='flex_column av-av_one_fourth-9c1d454dc06f7247226bc4e8f931daae av_one_fourth  avia-builder-el-16  el_after_av_one_fourth  el_before_av_one_fourth  flex_column_div av-zero-column-padding  column-top-margin'     ><section  class='av_textblock_section av-av_textblock-0366cc7376be6c9e82a3e9cc8987b64f '   itemscope=\"itemscope\" itemtype=\"https:\/\/schema.org\/CreativeWork\" ><div class='avia_textblock'  itemprop=\"text\" ><p>Der Umweltcluster Bayern ist das Netzwerk der bayerischen Umweltwirtschaft, Wissenschaft, Kommunen und kommunalen Betriebe. Er\u00a0vernetzt Unternehmen, Vertreter aus Forschung und Entwicklung, Dienstleister, Planer, Wirtschaftsorganisationen, Politik und Verwaltung, Kommunen und \u00f6ffentliche Auftraggeber, Kapitalgeber und (\u00f6ffentliche) F\u00f6rderinstitutionen, sowie Medien und Kommunikationsdienstleister.<\/p>\n<\/div><\/section><\/div>\n<style type=\"text\/css\" data-created_by=\"avia_inline_auto\" id=\"style-css-av-av_one_fourth-9c1d454dc06f7247226bc4e8f931daae\">\n.flex_column.av-av_one_fourth-9c1d454dc06f7247226bc4e8f931daae{\nborder-radius:0px 0px 0px 0px;\npadding:0px 0px 0px 0px;\n}\n<\/style>\n<div  class='flex_column av-av_one_fourth-9c1d454dc06f7247226bc4e8f931daae av_one_fourth  avia-builder-el-18  el_after_av_one_fourth  el_before_av_one_fourth  flex_column_div av-zero-column-padding  column-top-margin'     ><style type=\"text\/css\" data-created_by=\"avia_inline_auto\" id=\"style-css-av-av_image-8d686972a10565044659ef2407e4eed6\">\n.avia-image-container.av-av_image-8d686972a10565044659ef2407e4eed6 img.avia_image{\nbox-shadow:none;\n}\n.avia-image-container.av-av_image-8d686972a10565044659ef2407e4eed6 .av-image-caption-overlay-center{\ncolor:#ffffff;\n}\n<\/style>\n<div  class='avia-image-container av-av_image-8d686972a10565044659ef2407e4eed6 av-styling- av-img-linked avia-align-center  avia-builder-el-19  avia-builder-el-no-sibling '   itemprop=\"image\" itemscope=\"itemscope\" itemtype=\"https:\/\/schema.org\/ImageObject\" ><div class=\"avia-image-container-inner\"><div class=\"avia-image-overlay-wrap\"><a href=\"https:\/\/www.umweltpakt.bayern.de\/\" class='avia_image '  target=\"_blank\"  rel=\"noopener noreferrer\" aria-label='umweltpakt_logo'><img fetchpriority=\"high\" fetchpriority=\"high\" decoding=\"async\" fetchpriority=\"high\" class='wp-image-5033 avia-img-lazy-loading-not-5033 avia_image ' src=\"https:\/\/www.schraml.de\/wp-content\/uploads\/2015\/08\/umweltpakt_logo.png\" alt='' title='umweltpakt_logo'  height=\"186\" width=\"150\"  itemprop=\"thumbnailUrl\"  \/><\/a><\/div><\/div><\/div><\/div>\n<style type=\"text\/css\" data-created_by=\"avia_inline_auto\" id=\"style-css-av-av_one_fourth-9c1d454dc06f7247226bc4e8f931daae\">\n.flex_column.av-av_one_fourth-9c1d454dc06f7247226bc4e8f931daae{\nborder-radius:0px 0px 0px 0px;\npadding:0px 0px 0px 0px;\n}\n<\/style>\n<div  class='flex_column av-av_one_fourth-9c1d454dc06f7247226bc4e8f931daae av_one_fourth  avia-builder-el-20  el_after_av_one_fourth  el_before_av_one_fourth  flex_column_div av-zero-column-padding  column-top-margin'     ><section  class='av_textblock_section av-av_textblock-0366cc7376be6c9e82a3e9cc8987b64f '   itemscope=\"itemscope\" itemtype=\"https:\/\/schema.org\/CreativeWork\" ><div class='avia_textblock'  itemprop=\"text\" ><p>Der Umweltpakt Bayern ist eine Vereinbarung zwischen der Bayerischen Staatsregierung und der Bayerischen Wirtschaft. Freiwilligkeit, \u00dcbernahme von Eigenverantwortung beim Umweltschutz sowie kooperatives Handeln z\u00e4hlen seit der Erstunterzeichnung 1995 zum Grundverst\u00e4ndnis des Charakters von Zusagen und Erkl\u00e4rungen im Umweltpakt. Mit beispielhaften und gemeinsamen Projekten von Staat und Wirtschaft soll der Umweltpakt sichtbar machen, dass \u00d6konomie und \u00d6kologie keine Gegens\u00e4tze sind, sondern gemeinsam zur Sicherung von Arbeitspl\u00e4tzen und Wohlstand in einer intakten Umwelt beitragen.<\/p>\n<\/div><\/section><\/div>\n<style type=\"text\/css\" data-created_by=\"avia_inline_auto\" id=\"style-css-av-av_one_fourth-9497bbf8bff73ea4c6992cc17fa9ec36\">\n.flex_column.av-av_one_fourth-9497bbf8bff73ea4c6992cc17fa9ec36{\nborder-radius:0px 0px 0px 0px;\npadding:0px 0px 0px 0px;\n}\n<\/style>\n<div  class='flex_column av-av_one_fourth-9497bbf8bff73ea4c6992cc17fa9ec36 av_one_fourth  avia-builder-el-22  el_after_av_one_fourth  el_before_av_one_fourth  first flex_column_div av-zero-column-padding  column-top-margin'     ><style type=\"text\/css\" data-created_by=\"avia_inline_auto\" id=\"style-css-av-av_image-488f7a6ca681872e46defeb96aa6cc35\">\n.avia-image-container.av-av_image-488f7a6ca681872e46defeb96aa6cc35 img.avia_image{\nbox-shadow:none;\n}\n.avia-image-container.av-av_image-488f7a6ca681872e46defeb96aa6cc35 .av-image-caption-overlay-center{\ncolor:#ffffff;\n}\n<\/style>\n<div  class='avia-image-container av-av_image-488f7a6ca681872e46defeb96aa6cc35 av-styling- av-img-linked avia-align-center  avia-builder-el-23  avia-builder-el-no-sibling '   itemprop=\"image\" itemscope=\"itemscope\" itemtype=\"https:\/\/schema.org\/ImageObject\" ><div class=\"avia-image-container-inner\"><div class=\"avia-image-overlay-wrap\"><a href=\"https:\/\/www.unibw.de\/ewid\/front-page\" class='avia_image '  target=\"_blank\"  rel=\"noopener noreferrer\" aria-label='EWID-Logo'><img fetchpriority=\"high\" fetchpriority=\"high\" decoding=\"async\" fetchpriority=\"high\" class='wp-image-5034 avia-img-lazy-loading-not-5034 avia_image ' src=\"https:\/\/www.schraml.de\/wp-content\/uploads\/2015\/08\/EWID-Logo.png\" alt='' title='EWID-Logo'  height=\"79\" width=\"150\"  itemprop=\"thumbnailUrl\"  \/><\/a><\/div><\/div><\/div><\/div>\n<style type=\"text\/css\" data-created_by=\"avia_inline_auto\" id=\"style-css-av-av_one_fourth-9c1d454dc06f7247226bc4e8f931daae\">\n.flex_column.av-av_one_fourth-9c1d454dc06f7247226bc4e8f931daae{\nborder-radius:0px 0px 0px 0px;\npadding:0px 0px 0px 0px;\n}\n<\/style>\n<div  class='flex_column av-av_one_fourth-9c1d454dc06f7247226bc4e8f931daae av_one_fourth  avia-builder-el-24  el_after_av_one_fourth  avia-builder-el-last  flex_column_div av-zero-column-padding  column-top-margin'     ><p><section  class='av_textblock_section av-av_textblock-0366cc7376be6c9e82a3e9cc8987b64f '   itemscope=\"itemscope\" itemtype=\"https:\/\/schema.org\/CreativeWork\" ><div class='avia_textblock'  itemprop=\"text\" ><p>EWID (Energiegewinnung im Wasserverteilungsnetz durch intelligentes Druckmanagement; www.unibw.de\/ewid) ist eines von zw\u00f6lf vom Bundesministerium f\u00fcr Bildung und Forschung (BMBF) gef\u00f6rderten Ma\u00dfnahmen unter dem Rahmen ERWAS \u2013 Zukunftsf\u00e4hige Technologien und Konzepte f\u00fcr eine energieeffiziente und ressourcenschonende Wasserwirtschaft (www.bmbf.nawam-erwas.de). Ziel ist es, den Energieverbrauch in der Wasserwirtschaft angesichts der Verknappung konventioneller Energietr\u00e4ger und h\u00f6herer Energiekosten zu senken.<\/p>\n<\/div><\/section><br \/>\n\n<style type=\"text\/css\" data-created_by=\"avia_inline_auto\" id=\"style-css-av-av_icon_box-fea3778b98c46a81834bd1ac7bb49783\">\n.iconbox.av-av_icon_box-fea3778b98c46a81834bd1ac7bb49783 .iconbox_icon{\nbackground-color:#587ca1;\ncolor:#ffffff;\n}\n.iconbox.av-av_icon_box-fea3778b98c46a81834bd1ac7bb49783 .iconbox_icon.avia-svg-icon svg:first-child{\nfill:#ffffff;\nstroke:#ffffff;\n}\n<\/style>\n<article  class='iconbox iconbox_left av-av_icon_box-fea3778b98c46a81834bd1ac7bb49783  avia-builder-el-26  el_after_av_textblock  el_before_av_icon_box '  itemscope=\"itemscope\" itemtype=\"https:\/\/schema.org\/CreativeWork\" ><div class=\"iconbox_content\"><header class=\"entry-content-header\" aria-label=\"Icon: Fachartikel\"><div class='iconbox_icon heading-color avia-iconfont avia-font-entypo-fontello' data-av_icon='\ue84e' data-av_iconfont='entypo-fontello'  ><\/div><h3 class='iconbox_content_title '  itemprop=\"headline\" >Fachartikel<\/h3><\/header><div class='iconbox_content_container '  itemprop=\"text\" ><p><a href=\"https:\/\/www.schraml.de\/wp-content\/uploads\/2016\/07\/ewp_1215_99-103_Parra.pdf\">Energiegewinnung im\u00a0Wasserverteilungsnetz durch intelligentes\u00a0Druckmanagement \u2013 EWID<\/a><\/p>\n<p>aus der DVGW-Jahresrevue 12\/2015, energie|wasser-praxis<\/p>\n<\/div><\/div><footer class=\"entry-footer\"><\/footer><\/article><br \/>\n\n<style type=\"text\/css\" data-created_by=\"avia_inline_auto\" id=\"style-css-av-av_icon_box-fea3778b98c46a81834bd1ac7bb49783\">\n.iconbox.av-av_icon_box-fea3778b98c46a81834bd1ac7bb49783 .iconbox_icon{\nbackground-color:#587ca1;\ncolor:#ffffff;\n}\n.iconbox.av-av_icon_box-fea3778b98c46a81834bd1ac7bb49783 .iconbox_icon.avia-svg-icon svg:first-child{\nfill:#ffffff;\nstroke:#ffffff;\n}\n<\/style>\n<article  class='iconbox iconbox_left av-av_icon_box-fea3778b98c46a81834bd1ac7bb49783  avia-builder-el-27  el_after_av_icon_box  avia-builder-el-last '  itemscope=\"itemscope\" itemtype=\"https:\/\/schema.org\/CreativeWork\" ><div class=\"iconbox_content\"><header class=\"entry-content-header\" aria-label=\"Icon: Fachartikel\"><div class='iconbox_icon heading-color avia-iconfont avia-font-entypo-fontello' data-av_icon='\ue84e' data-av_iconfont='entypo-fontello'  ><\/div><h3 class='iconbox_content_title '  itemprop=\"headline\" >Fachartikel<\/h3><\/header><div class='iconbox_content_container '  itemprop=\"text\" ><p><a href=\"https:\/\/www.schraml.de\/wp-content\/uploads\/2016\/08\/WA_07-08_2016_ERWAS-Special_EWID-Projekt.pdf\">Mehr Effizient durch mehr Intelligenz<\/a><\/p>\n<p>aus der\u00a0gwf - Wasser | Abwasser 7-8\/2016<\/p>\n<\/div><\/div><footer class=\"entry-footer\"><\/footer><\/article><\/p><\/div>\n","protected":false},"excerpt":{"rendered":"","protected":false},"author":10,"featured_media":0,"parent":0,"menu_order":0,"comment_status":"closed","ping_status":"closed","template":"","meta":{"om_disable_all_campaigns":false,"_uf_show_specific_survey":0,"_uf_disable_surveys":false,"footnotes":""},"class_list":["post-5056","page","type-page","status-publish","hentry"],"yoast_head":"<!-- This site is optimized with the Yoast SEO plugin v27.4 - https:\/\/yoast.com\/product\/yoast-seo-wordpress\/ -->\n<title>Forschen und F\u00f6rdern - SCHRAML Prozessleit- und Fernwirktechnik<\/title>\n<meta name=\"description\" content=\"SCHRAML Forschen und F\u00f6rdern - beides ist f\u00fcr uns selbstverst\u00e4ndlich, um technologische Innovationen zum Nutzen unserer Kunden aktiv voranzutreiben.\" \/>\n<meta name=\"robots\" content=\"index, follow, max-snippet:-1, max-image-preview:large, max-video-preview:-1\" \/>\n<link rel=\"canonical\" href=\"https:\/\/www.schraml.de\/index.php\/schraml-forschen-und-foerdern\/\" \/>\n<meta property=\"og:locale\" content=\"de_DE\" \/>\n<meta property=\"og:type\" content=\"article\" \/>\n<meta property=\"og:title\" content=\"Forschen und F\u00f6rdern - SCHRAML Prozessleit- und Fernwirktechnik\" \/>\n<meta property=\"og:description\" content=\"SCHRAML Forschen und F\u00f6rdern - beides ist f\u00fcr uns selbstverst\u00e4ndlich, um technologische Innovationen zum Nutzen unserer Kunden aktiv voranzutreiben.\" \/>\n<meta property=\"og:url\" content=\"https:\/\/www.schraml.de\/index.php\/schraml-forschen-und-foerdern\/\" \/>\n<meta property=\"og:site_name\" content=\"SCHRAML Prozessleit- und Fernwirktechnik\" \/>\n<meta property=\"article:modified_time\" content=\"2018-05-23T09:29:53+00:00\" \/>\n<meta name=\"twitter:card\" content=\"summary_large_image\" \/>\n<meta name=\"twitter:label1\" content=\"Gesch\u00e4tzte Lesezeit\" \/>\n\t<meta name=\"twitter:data1\" content=\"8\u00a0Minuten\" \/>\n<!-- \/ Yoast SEO plugin. -->","yoast_head_json":{"title":"Forschen und F\u00f6rdern - SCHRAML Prozessleit- und Fernwirktechnik","description":"SCHRAML Forschen und F\u00f6rdern - beides ist f\u00fcr uns selbstverst\u00e4ndlich, um technologische Innovationen zum Nutzen unserer Kunden aktiv voranzutreiben.","robots":{"index":"index","follow":"follow","max-snippet":"max-snippet:-1","max-image-preview":"max-image-preview:large","max-video-preview":"max-video-preview:-1"},"canonical":"https:\/\/www.schraml.de\/index.php\/schraml-forschen-und-foerdern\/","og_locale":"de_DE","og_type":"article","og_title":"Forschen und F\u00f6rdern - SCHRAML Prozessleit- und Fernwirktechnik","og_description":"SCHRAML Forschen und F\u00f6rdern - beides ist f\u00fcr uns selbstverst\u00e4ndlich, um technologische Innovationen zum Nutzen unserer Kunden aktiv voranzutreiben.","og_url":"https:\/\/www.schraml.de\/index.php\/schraml-forschen-und-foerdern\/","og_site_name":"SCHRAML Prozessleit- und Fernwirktechnik","article_modified_time":"2018-05-23T09:29:53+00:00","twitter_card":"summary_large_image","twitter_misc":{"Gesch\u00e4tzte Lesezeit":"8\u00a0Minuten"},"schema":{"@context":"https:\/\/schema.org","@graph":[{"@type":"WebPage","@id":"https:\/\/www.schraml.de\/index.php\/schraml-forschen-und-foerdern\/","url":"https:\/\/www.schraml.de\/index.php\/schraml-forschen-und-foerdern\/","name":"Forschen und F\u00f6rdern - SCHRAML Prozessleit- und Fernwirktechnik","isPartOf":{"@id":"https:\/\/www.schraml.de\/#website"},"datePublished":"2016-01-28T09:24:20+00:00","dateModified":"2018-05-23T09:29:53+00:00","description":"SCHRAML Forschen und F\u00f6rdern - beides ist f\u00fcr uns selbstverst\u00e4ndlich, um technologische Innovationen zum Nutzen unserer Kunden aktiv voranzutreiben.","breadcrumb":{"@id":"https:\/\/www.schraml.de\/index.php\/schraml-forschen-und-foerdern\/#breadcrumb"},"inLanguage":"de","potentialAction":[{"@type":"ReadAction","target":["https:\/\/www.schraml.de\/index.php\/schraml-forschen-und-foerdern\/"]}]},{"@type":"BreadcrumbList","@id":"https:\/\/www.schraml.de\/index.php\/schraml-forschen-und-foerdern\/#breadcrumb","itemListElement":[{"@type":"ListItem","position":1,"name":"Startseite","item":"https:\/\/www.schraml.de\/"},{"@type":"ListItem","position":2,"name":"Forschen und F\u00f6rdern"}]},{"@type":"WebSite","@id":"https:\/\/www.schraml.de\/#website","url":"https:\/\/www.schraml.de\/","name":"SCHRAML Prozessleit- und Fernwirktechnik","description":"Prozessleit-, Fernwirk- und Automatisierungstechnik f\u00fcr intelligentes Wassermanagement","publisher":{"@id":"https:\/\/www.schraml.de\/#organization"},"potentialAction":[{"@type":"SearchAction","target":{"@type":"EntryPoint","urlTemplate":"https:\/\/www.schraml.de\/?s={search_term_string}"},"query-input":{"@type":"PropertyValueSpecification","valueRequired":true,"valueName":"search_term_string"}}],"inLanguage":"de"},{"@type":"Organization","@id":"https:\/\/www.schraml.de\/#organization","name":"SCHRAML GmbH","url":"https:\/\/www.schraml.de\/","logo":{"@type":"ImageObject","inLanguage":"de","@id":"https:\/\/www.schraml.de\/#\/schema\/logo\/image\/","url":"https:\/\/www.schraml.de\/wp-content\/uploads\/2016\/06\/SCHRAML-Logo.png","contentUrl":"https:\/\/www.schraml.de\/wp-content\/uploads\/2016\/06\/SCHRAML-Logo.png","width":512,"height":148,"caption":"SCHRAML GmbH"},"image":{"@id":"https:\/\/www.schraml.de\/#\/schema\/logo\/image\/"},"sameAs":["https:\/\/www.linkedin.com\/company\/schraml-gmbh","https:\/\/www.youtube.com\/channel\/UClSE-NVUQx_Cvs6hDnImkWg"]}]}},"_links":{"self":[{"href":"https:\/\/www.schraml.de\/index.php\/wp-json\/wp\/v2\/pages\/5056","targetHints":{"allow":["GET"]}}],"collection":[{"href":"https:\/\/www.schraml.de\/index.php\/wp-json\/wp\/v2\/pages"}],"about":[{"href":"https:\/\/www.schraml.de\/index.php\/wp-json\/wp\/v2\/types\/page"}],"author":[{"embeddable":true,"href":"https:\/\/www.schraml.de\/index.php\/wp-json\/wp\/v2\/users\/10"}],"replies":[{"embeddable":true,"href":"https:\/\/www.schraml.de\/index.php\/wp-json\/wp\/v2\/comments?post=5056"}],"version-history":[{"count":0,"href":"https:\/\/www.schraml.de\/index.php\/wp-json\/wp\/v2\/pages\/5056\/revisions"}],"wp:attachment":[{"href":"https:\/\/www.schraml.de\/index.php\/wp-json\/wp\/v2\/media?parent=5056"}],"curies":[{"name":"wp","href":"https:\/\/api.w.org\/{rel}","templated":true}]}}